{"id":83,"date":"2021-11-19T17:40:09","date_gmt":"2021-11-19T17:40:09","guid":{"rendered":"https:\/\/crjaennorte.com\/?page_id=83"},"modified":"2021-12-03T21:20:14","modified_gmt":"2021-12-03T21:20:14","slug":"quienes-somos","status":"publish","type":"page","link":"https:\/\/crjaennorte.com\/?page_id=83","title":{"rendered":"\u00bfQui\u00e9nes somos?"},"content":{"rendered":"\n<p>La Comunidad de Regantes Ja\u00e9n Norte, obtuvo su Concesi\u00f3n de Aguas mediante Resoluci\u00f3n de la Confederaci\u00f3n Hidrogr\u00e1fica del Guadalquivir  el d\u00eda 6 octubre de 2011.  Hizo sus infraestructuras de captaci\u00f3n y distribuci\u00f3n de agua,  estren\u00e1ndolas en septiembre de 2015.<\/p>\n\n\n\n<p>Su concesi\u00f3n le permite captar el agua del r\u00edo Guadalbull\u00f3n, donde tiene una peque\u00f1a balsa decantadora y desde all\u00ed eleva el agua  hasta  otra peque\u00f1a balsa junto a sus instalaciones de bombeo, pr\u00f3ximas a la localidad de Cuevas.  <\/p>\n\n\n\n<p>Su per\u00edmetro de riego es de 458 hect\u00e1reas de olivar exclusivamente, pertenecientes a cerca de 90 part\u00edcipes, todas dentro del t\u00e9rmino municipal de Ja\u00e9n.   <\/p>\n\n\n\n<p>Nuestos olivareros son modernos y responsables con el  medio ambiente, el sistema de riego que emplean todos es por goteo integrado, un sistema que le permite hacer un uso muy racional del agua porque evita p\u00e9rdidas por evaporaci\u00f3n. Adem\u00e1s la Comunidad vela con sus Guardas porque se mantengan en buen estado sus instalaciones.<\/p>\n\n\n\n<p>La concesi\u00f3n es en r\u00e9gimen de aguas invernales, es decir, que podemos captar agua entre el 15 de abril y el 15 de septiembre, por lo que el periodo estival dif\u00edcilmente se salva con los riegos de apoyo, que no siempre se autorizan y cuando se obtienen, la escased de caudal que acusa el Guadalbull\u00f3n en verano impide satisfacer las dem\u00e1ndas h\u00eddricas del olivar en esa \u00e9poca del a\u00f1o. Es por ello que en la misma concesi\u00f3n se indica, que la Comunidad de Regantes tiene que dotarse de una balsa de acumulaci\u00f3n.<\/p>\n\n\n\n<p>Por todo ello, el Proyecto de Balsa de acumulaci\u00f3n vendr\u00e1 a culminar las infraestructuras de riego imprescindibles para dar un mejor servicio de riego, un uso a\u00fan m\u00e1s racional y eficiente de este recurso tan preciado y escaso como es el agua, haciendo aportaciones al olivo en los momentos m\u00e1s oportunos.<\/p>\n\n\n\n<p>Con este proyecto esperamos con ilusi\u00f3n conseguir un incremento en la productividad de nuestras fincas, que eleve el nivel de renta de nuestros agricultores y contribuir a la fijaci\u00f3n de la poblaci\u00f3n a nuestra querida tierra de Ja\u00e9n.<\/p>\n\n\n\n<p> La CR. Ja\u00e9n Norte para su Administraci\u00f3n comparte  Oficina con otras dos Comunidades de Regantes, situada en la calle Maestro Bartolom\u00e9, n\u00ba 3 de Ja\u00e9n. CP 23007. <\/p>\n\n\n\n<p><\/p>\n\n\n\n<p><\/p>\n\n\n\n<p><\/p>\n\n\n\n<p><\/p>\n","protected":false},"excerpt":{"rendered":"<p>La Comunidad de Regantes Ja\u00e9n Norte, obtuvo su Concesi\u00f3n de Aguas mediante Resoluci\u00f3n de la Confederaci\u00f3n Hidrogr\u00e1fica del Guadalquivir el d\u00eda 6 octubre de 2011. Hizo sus infraestructuras de captaci\u00f3n &hellip; <\/p>\n","protected":false},"author":2,"featured_media":0,"parent":0,"menu_order":0,"comment_status":"closed","ping_status":"closed","template":"","meta":{"footnotes":""},"class_list":["post-83","page","type-page","status-publish","hentry"],"_links":{"self":[{"href":"https:\/\/crjaennorte.com\/index.php?rest_route=\/wp\/v2\/pages\/83","targetHints":{"allow":["GET"]}}],"collection":[{"href":"https:\/\/crjaennorte.com\/index.php?rest_route=\/wp\/v2\/pages"}],"about":[{"href":"https:\/\/crjaennorte.com\/index.php?rest_route=\/wp\/v2\/types\/page"}],"author":[{"embeddable":true,"href":"https:\/\/crjaennorte.com\/index.php?rest_route=\/wp\/v2\/users\/2"}],"replies":[{"embeddable":true,"href":"https:\/\/crjaennorte.com\/index.php?rest_route=%2Fwp%2Fv2%2Fcomments&post=83"}],"version-history":[{"count":7,"href":"https:\/\/crjaennorte.com\/index.php?rest_route=\/wp\/v2\/pages\/83\/revisions"}],"predecessor-version":[{"id":173,"href":"https:\/\/crjaennorte.com\/index.php?rest_route=\/wp\/v2\/pages\/83\/revisions\/173"}],"wp:attachment":[{"href":"https:\/\/crjaennorte.com\/index.php?rest_route=%2Fwp%2Fv2%2Fmedia&parent=83"}],"curies":[{"name":"wp","href":"https:\/\/api.w.org\/{rel}","templated":true}]}}